{"id":748,"date":"2025-04-15T14:06:43","date_gmt":"2025-04-15T20:06:43","guid":{"rendered":"https:\/\/www.creditogrupomutual.fi.cr\/campaigns\/?page_id=748"},"modified":"2025-06-05T15:31:20","modified_gmt":"2025-06-05T21:31:20","slug":"pymes-tarjetas-debito","status":"publish","type":"page","link":"https:\/\/www.creditogrupomutual.fi.cr\/campaigns\/pymes-tarjetas-debito\/","title":{"rendered":"Pymes Tarjetas de D\u00e9bito"},"content":{"rendered":"\n<figure class=\"wp-block-image alignwide size-full has-custom-border\"><img loading=\"lazy\" decoding=\"async\" width=\"1200\" height=\"600\" src=\"https:\/\/www.creditogrupomutual.fi.cr\/campaigns\/wp-content\/uploads\/2025\/06\/LANDING-PAGE.jpg\" alt=\"\" class=\"wp-image-834\" style=\"border-radius:25px\" srcset=\"https:\/\/www.creditogrupomutual.fi.cr\/campaigns\/wp-content\/uploads\/2025\/06\/LANDING-PAGE.jpg 1200w, https:\/\/www.creditogrupomutual.fi.cr\/campaigns\/wp-content\/uploads\/2025\/06\/LANDING-PAGE-300x150.jpg 300w, https:\/\/www.creditogrupomutual.fi.cr\/campaigns\/wp-content\/uploads\/2025\/06\/LANDING-PAGE-1024x512.jpg 1024w, https:\/\/www.creditogrupomutual.fi.cr\/campaigns\/wp-content\/uploads\/2025\/06\/LANDING-PAGE-768x384.jpg 768w\" sizes=\"auto, (max-width: 1200px) 100vw, 1200px\" \/><\/figure>\n\n\n\n<h1 class=\"wp-block-heading has-text-align-center has-palette-color-4-color has-text-color has-link-color has-x-large-font-size wp-elements-65e3951c882daaf99879dc17c3549ecc\" style=\"font-style:normal;font-weight:600\"><strong>Tarjeta de D\u00e9bito<br>PYMES Grupo Mutual<\/strong><\/h1>\n\n\n\n<p class=\"has-text-align-center has-medium-font-size\"><\/p>\n\n\n\n<div class=\"wp-block-columns is-layout-flex wp-container-core-columns-is-layout-1 wp-block-columns-is-layout-flex\">\n<div class=\"wp-block-column has-palette-color-8-color has-text-color has-background has-link-color wp-elements-7f86fc274568b61e09462cb0d5267b74 is-layout-flow wp-block-column-is-layout-flow\" style=\"border-width:2px;background-color:#ec6a1f;flex-basis:45%\">\n<p class=\"has-text-align-center has-palette-color-8-color has-text-color has-background has-link-color has-large-font-size wp-elements-3a4783462006b5219417fff41bd85232\" style=\"background-color:#ec6a1f;margin-bottom:-30px\"><strong><strong>Tarjeta de D\u00e9bito <\/strong><\/strong><br><strong><strong>PYMES Grupo Mutual<\/strong><\/strong><\/p>\n\n\n\n<ul style=\"background-color:#ec6a1f\" class=\"wp-block-list has-background has-medium-font-size\">\n<li>Garant\u00eda extendida:Se duplica por la que da el comercio ante una compra con un tope de 4 a\u00f1os, es decir si el comercio da 1 a\u00f1o de garant\u00eda VISA da 1 a\u00f1o m\u00e1s.<\/li>\n\n\n\n<li>Protecci\u00f3n Mejorada de compra: Aplica para un art\u00edculo comprado y el mismo se da\u00f1a, accidenta o roba o no lo recibe en un per\u00edodo de 180 posteriores a la fecha de la compra se le cubre el monto total con un tope de $3000.<\/li>\n\n\n\n<li>Protecci\u00f3n Legal: Un cobertura al cliente de $3000 en caso de seguro o da\u00f1os a terceros ante un accidente de un colaborador o proveedor que forme parte del giro comercial. &nbsp;<\/li>\n\n\n\n<li>Programa de Renuncia de Responsabilidad Empresarial: Una cobertura tope de $10.000 ante cargos incurridos que no sean reconocidos por el tarjetahabiente o persona autorizada siempre y cuando las compras tengan relaci\u00f3n con el giro comercial.<\/li>\n\n\n\n<li>Promociones y descuentos Visa Empresarial: Son beneficios y descuentos que tiene la tarjeta empresarial por ejemplo un servicio llamado expensify que maneja tema de cierres de cajas, control de facturas y dem\u00e1s les brinda un 50% de descuento los primeros 3 meses.<\/li>\n\n\n\n<li>Compras en todos los comercios Nacionales e Internacionales.<\/li>\n\n\n\n<li>Beneficio de una protecci\u00f3n hasta 500.000 contra casos de robo y fraude con su Tarjeta de D\u00e9bito.<\/li>\n\n\n\n<li>Descuentos en los comercios afiliados a Mutual Beneficios.<\/li>\n\n\n\n<li>Afiliaci\u00f3n de d\u00e9bitos autom\u00e1ticos de Servicios P\u00fablicos AYA y Compa\u00f1\u00eda Nacional Fuerza y Luz.<\/li>\n\n\n\n<li>Puede solicitar hasta un m\u00e1ximo de 5 tarjetas adicionales.<\/li>\n<\/ul>\n\n\n\n<p class=\"has-text-align-left has-background has-small-font-size\" style=\"background-color:#ec6a1f\">(*)Aplican restricciones.<br><br><\/p>\n<\/div>\n\n\n\n<div class=\"wp-block-column is-layout-flow wp-block-column-is-layout-flow\" style=\"border-width:2px;flex-basis:55%\">\n<p class=\"has-text-align-center has-palette-color-7-background-color has-background has-large-font-size\" style=\"margin-top:0px;margin-bottom:0px\"><strong>SOLICIT\u00c1 TU TARJETA DE D\u00c9BITO PYMES AQU\u00cd<\/strong><\/p>\n\n\n\n<div class=\"wpcf7 no-js\" id=\"wpcf7-f752-o1\" lang=\"es-CR\" dir=\"ltr\" data-wpcf7-id=\"752\">\n<div class=\"screen-reader-response\"><p role=\"status\" aria-live=\"polite\" aria-atomic=\"true\"><\/p> <ul><\/ul><\/div>\n<form action=\"\/campaigns\/wp-json\/wp\/v2\/pages\/748#wpcf7-f752-o1\" method=\"post\" class=\"wpcf7-form init\" aria-label=\"Contact form\" novalidate=\"novalidate\" data-status=\"init\">\n<div style=\"display: none;\">\n<input type=\"hidden\" name=\"_wpcf7\" value=\"752\" \/>\n<input type=\"hidden\" name=\"_wpcf7_version\" value=\"6.0.4\" \/>\n<input type=\"hidden\" name=\"_wpcf7_locale\" value=\"es_CR\" \/>\n<input type=\"hidden\" name=\"_wpcf7_unit_tag\" value=\"wpcf7-f752-o1\" \/>\n<input type=\"hidden\" name=\"_wpcf7_container_post\" value=\"0\" \/>\n<input type=\"hidden\" name=\"_wpcf7_posted_data_hash\" value=\"\" \/>\n<input type=\"hidden\" name=\"_wpcf7cf_hidden_group_fields\" value=\"[]\" \/>\n<input type=\"hidden\" name=\"_wpcf7cf_hidden_groups\" value=\"[]\" \/>\n<input type=\"hidden\" name=\"_wpcf7cf_visible_groups\" value=\"[]\" \/>\n<input type=\"hidden\" name=\"_wpcf7cf_repeaters\" value=\"[]\" \/>\n<input type=\"hidden\" name=\"_wpcf7cf_steps\" value=\"{}\" \/>\n<input type=\"hidden\" name=\"_wpcf7cf_options\" value=\"{&quot;form_id&quot;:752,&quot;conditions&quot;:[{&quot;then_field&quot;:&quot;cedula-selected&quot;,&quot;and_rules&quot;:[{&quot;if_field&quot;:&quot;TipoIdentificacion&quot;,&quot;operator&quot;:&quot;equals&quot;,&quot;if_value&quot;:&quot;C\\u00e9dula de Identidad&quot;}]},{&quot;then_field&quot;:&quot;didi-selected&quot;,&quot;and_rules&quot;:[{&quot;if_field&quot;:&quot;TipoIdentificacion&quot;,&quot;operator&quot;:&quot;equals&quot;,&quot;if_value&quot;:&quot;DIDI&quot;}]},{&quot;then_field&quot;:&quot;dimex-selected&quot;,&quot;and_rules&quot;:[{&quot;if_field&quot;:&quot;TipoIdentificacion&quot;,&quot;operator&quot;:&quot;equals&quot;,&quot;if_value&quot;:&quot;DIMEX&quot;}]},{&quot;then_field&quot;:&quot;otros-selected&quot;,&quot;and_rules&quot;:[{&quot;if_field&quot;:&quot;TipoIdentificacion&quot;,&quot;operator&quot;:&quot;equals&quot;,&quot;if_value&quot;:&quot;Otros&quot;}]},{&quot;then_field&quot;:&quot;pasaporte-selected&quot;,&quot;and_rules&quot;:[{&quot;if_field&quot;:&quot;TipoIdentificacion&quot;,&quot;operator&quot;:&quot;equals&quot;,&quot;if_value&quot;:&quot;Pasaporte&quot;}]}],&quot;settings&quot;:{&quot;animation&quot;:&quot;yes&quot;,&quot;animation_intime&quot;:200,&quot;animation_outtime&quot;:200,&quot;conditions_ui&quot;:&quot;normal&quot;,&quot;notice_dismissed&quot;:false}}\" \/>\n<input type=\"hidden\" name=\"redirect_nonce\" value=\"d55a512aa2\" \/>\n<input type=\"hidden\" name=\"wpcf7cfpdf_hidden_name\" value=\"document-pdf\" \/>\n<input type=\"hidden\" name=\"wpcf7cfpdf_hidden_reference\" value=\"8b8d0f27\" \/>\n<input type=\"hidden\" name=\"wpcf7cfpdf_hidden_date\" value=\"05012026\" \/>\n<\/div>\n<p>1. Tipo de Identificaci\u00f3n<br \/>\n<span class=\"wpcf7-form-control-wrap\" data-name=\"TipoIdentificacion\"><select class=\"wpcf7-form-control wpcf7-select wpcf7-validates-as-required\" aria-required=\"true\" aria-invalid=\"false\" name=\"TipoIdentificacion\"><option value=\"\">Seleccione<\/option><option value=\"C\u00e9dula de Identidad\">C\u00e9dula de Identidad<\/option><option value=\"DIDI\">DIDI<\/option><option value=\"DIMEX\">DIMEX<\/option><option value=\"Otros\">Otros<\/option><option value=\"Pasaporte\">Pasaporte<\/option><\/select><\/span>\n<\/p>\n<div data-id=\"cedula-selected\" data-orig_data_id=\"cedula-selected\" data-clear_on_hide data-class=\"wpcf7cf_group\">\n\t<p><span class=\"wpcf7-form-control-wrap\" data-name=\"Cedula\"><input class=\"wpcf7-form-control wpcf7-number wpcf7-validates-as-required wpcf7-validates-as-number\" min=\"0\" aria-required=\"true\" aria-invalid=\"false\" placeholder=\"Digite su Identificaci\u00f3n\" value=\"\" type=\"number\" name=\"Cedula\" \/><\/span>\n\t<\/p>\n<\/div>\n<div data-id=\"didi-selected\" data-orig_data_id=\"didi-selected\" data-clear_on_hide data-class=\"wpcf7cf_group\">\n\t<p><span class=\"wpcf7-form-control-wrap\" data-name=\"DIDI\"><input class=\"wpcf7-form-control wpcf7-number wpcf7-validates-as-required wpcf7-validates-as-number\" min=\"100000000000\" max=\"999999999999\" aria-required=\"true\" aria-invalid=\"false\" placeholder=\"Digite su DIDI\" value=\"\" type=\"number\" name=\"DIDI\" \/><\/span>\n\t<\/p>\n<\/div>\n<div data-id=\"dimex-selected\" data-orig_data_id=\"dimex-selected\" data-clear_on_hide data-class=\"wpcf7cf_group\">\n\t<p><span class=\"wpcf7-form-control-wrap\" data-name=\"DIMEX\"><input class=\"wpcf7-form-control wpcf7-number wpcf7-validates-as-required wpcf7-validates-as-number\" min=\"100000000000\" max=\"999999999999\" aria-required=\"true\" aria-invalid=\"false\" placeholder=\"Digite su DIMEX\" value=\"\" type=\"number\" name=\"DIMEX\" \/><\/span>\n\t<\/p>\n<\/div>\n<div data-id=\"otros-selected\" data-orig_data_id=\"otros-selected\" data-clear_on_hide data-class=\"wpcf7cf_group\">\n\t<p><span class=\"wpcf7-form-control-wrap\" data-name=\"Otros\"><input size=\"40\" maxlength=\"30\" minlength=\"6\" class=\"wpcf7-form-control wpcf7-text wpcf7-validates-as-required\" aria-required=\"true\" aria-invalid=\"false\" placeholder=\"Digite su identificaci\u00f3n\" value=\"\" type=\"text\" name=\"Otros\" \/><\/span>\n\t<\/p>\n<\/div>\n<div data-id=\"pasaporte-selected\" data-orig_data_id=\"pasaporte-selected\" data-clear_on_hide data-class=\"wpcf7cf_group\">\n\t<p><span class=\"wpcf7-form-control-wrap\" data-name=\"Pasaporte\"><input size=\"40\" maxlength=\"30\" minlength=\"6\" class=\"wpcf7-form-control wpcf7-text wpcf7-validates-as-required\" aria-required=\"true\" aria-invalid=\"false\" placeholder=\"Digite su Pasaporte\" value=\"\" type=\"text\" name=\"Pasaporte\" \/><\/span>\n\t<\/p>\n<\/div>\n<p>2. Nombre Completo<br \/>\n<span class=\"wpcf7-form-control-wrap\" data-name=\"Nombre\"><input size=\"40\" maxlength=\"400\" class=\"wpcf7-form-control wpcf7-text wpcf7-validates-as-required\" aria-required=\"true\" aria-invalid=\"false\" placeholder=\"Digite su Nombre Completo\" value=\"\" type=\"text\" name=\"Nombre\" \/><\/span>\n<\/p>\n<p>3. Digite su n\u00famero Telef\u00f3nico<br \/>\n<span class=\"wpcf7-form-control-wrap\" data-name=\"Telefono\"><input size=\"40\" maxlength=\"400\" class=\"wpcf7-form-control wpcf7-tel wpcf7-validates-as-required wpcf7-text wpcf7-validates-as-tel\" id=\"txttelform\" aria-required=\"true\" aria-invalid=\"false\" placeholder=\"Tel\u00e9fono\" value=\"\" type=\"tel\" name=\"Telefono\" \/><\/span>\n<\/p>\n<p>4. Digite su Correo Electr\u00f3nico<br \/>\n<span class=\"wpcf7-form-control-wrap\" data-name=\"Correo\"><input size=\"40\" maxlength=\"400\" class=\"wpcf7-form-control wpcf7-email wpcf7-validates-as-required wpcf7-text wpcf7-validates-as-email\" aria-required=\"true\" aria-invalid=\"false\" placeholder=\"Correo Electr\u00f3nico\" value=\"\" type=\"email\" name=\"Correo\" \/><\/span>\n<\/p>\n<p>5. Fuente de Ingresos<br \/>\n<span class=\"wpcf7-form-control-wrap\" data-name=\"fuenteIngresos\"><select class=\"wpcf7-form-control wpcf7-select wpcf7-validates-as-required\" aria-required=\"true\" aria-invalid=\"false\" name=\"fuenteIngresos\"><option value=\"\">Seleccione<\/option><option value=\"Asalariado\">Asalariado<\/option><option value=\"Ingresos propios\">Ingresos propios<\/option><\/select><\/span>\n<\/p>\n<p>6. Rango de Ingresos Mensuales<br \/>\n<span class=\"wpcf7-form-control-wrap\" data-name=\"rangoIngresos\"><select class=\"wpcf7-form-control wpcf7-select wpcf7-validates-as-required\" aria-required=\"true\" aria-invalid=\"false\" name=\"rangoIngresos\"><option value=\"\">Seleccione<\/option><option value=\"500.000 a 750.000\">500.000 a 750.000<\/option><option value=\"750.001 a 900.000\">750.001 a 900.000<\/option><option value=\"900.001 a 1.300.000\">900.001 a 1.300.000<\/option><option value=\"1.300.001 a 1.600.000\">1.300.001 a 1.600.000<\/option><option value=\"De 1.600.001 en adelante\">De 1.600.001 en adelante<\/option><\/select><\/span>\n<\/p>\n<p>7. Medio de Preferencia para ser contactado<br \/>\n<span class=\"wpcf7-form-control-wrap\" data-name=\"medioContacto\"><select class=\"wpcf7-form-control wpcf7-select wpcf7-validates-as-required\" aria-required=\"true\" aria-invalid=\"false\" name=\"medioContacto\"><option value=\"\">Seleccione<\/option><option value=\"T\u00e9lefono\">T\u00e9lefono<\/option><option value=\"Correo electr\u00f3nico\">Correo electr\u00f3nico<\/option><\/select><\/span>\n<\/p>\n<p>8. Sucursal de Preferencia<br \/>\n<span class=\"wpcf7-form-control-wrap\" data-name=\"centroNegocio\"><select class=\"wpcf7-form-control wpcf7-select wpcf7-validates-as-required\" aria-required=\"true\" aria-invalid=\"false\" name=\"centroNegocio\"><option value=\"\">Seleccione<\/option><option value=\"CN Aguas Zarcas\">CN Aguas Zarcas<\/option><option value=\"CN Alajuela\">CN Alajuela<\/option><option value=\"CN Alajuela Mercado\">CN Alajuela Mercado<\/option><option value=\"CN Avenida Central\">CN Avenida Central<\/option><option value=\"CN Bel\u00e9n\">CN Bel\u00e9n<\/option><option value=\"CN Caja Central\">CN Caja Central<\/option><option value=\"CN Caja Este\">CN Caja Este<\/option><option value=\"CN Caja Norte\">CN Caja Norte<\/option><option value=\"CN Cartago\">CN Cartago<\/option><option value=\"CN Centro Comercial del Sur\">CN Centro Comercial del Sur<\/option><option value=\"CN Curridabat\">CN Curridabat<\/option><option value=\"CN Desamparados\">CN Desamparados<\/option><option value=\"CN Escaz\u00fa\">CN Escaz\u00fa<\/option><option value=\"CN Grecia\">CN Grecia<\/option><option value=\"CN Guadalupe\">CN Guadalupe<\/option><option value=\"CN Guadalupe Centro Comercial\">CN Guadalupe Centro Comercial<\/option><option value=\"CN Gu\u00e1piles\">CN Gu\u00e1piles<\/option><option value=\"CN Heredia\">CN Heredia<\/option><option value=\"CN Heredia Estadio\">CN Heredia Estadio<\/option><option value=\"CN Liberia\">CN Liberia<\/option><option value=\"CN Lim\u00f3n\">CN Lim\u00f3n<\/option><option value=\"CN Moravia\">CN Moravia<\/option><option value=\"CN Naranjo\">CN Naranjo<\/option><option value=\"CN Orotina\">CN Orotina<\/option><option value=\"CN Palmares\">CN Palmares<\/option><option value=\"CN Paseo Col\u00f3n\">CN Paseo Col\u00f3n<\/option><option value=\"CN Paseo de las Flores\">CN Paseo de las Flores<\/option><option value=\"CN Po\u00e1s\">CN Po\u00e1s<\/option><option value=\"CN Puntarenas\">CN Puntarenas<\/option><option value=\"CN Puriscal\">CN Puriscal<\/option><option value=\"CN Perez Zeled\u00f3n\">CN Perez Zeled\u00f3n<\/option><option value=\"CN San Carlos\">CN San Carlos<\/option><option value=\"CN San Rafael Heredia\">CN San Rafael Heredia<\/option><option value=\"CN San Ram\u00f3n\">CN San Ram\u00f3n<\/option><option value=\"CN Santa Ana\">CN Santa Ana<\/option><option value=\"CN Santa B\u00e1rbara\">CN Santa B\u00e1rbara<\/option><option value=\"CN Sarch\u00ed\">CN Sarch\u00ed<\/option><option value=\"CN Tib\u00e1s\">CN Tib\u00e1s<\/option><\/select><\/span>\n<\/p>\n<p><span class=\"wpcf7-form-control-wrap\" data-name=\"terminos\"><span class=\"wpcf7-form-control wpcf7-checkbox wpcf7-validates-as-required\"><span class=\"wpcf7-list-item first last\"><input type=\"checkbox\" name=\"terminos[]\" value=\"Confirmo que he le\u00eddo y estoy de acuerdo con los t\u00e9rminos, condiciones y pol\u00edtica de privacidad.\" \/><span class=\"wpcf7-list-item-label\">Confirmo que he le\u00eddo y estoy de acuerdo con los t\u00e9rminos, condiciones y pol\u00edtica de privacidad.<\/span><\/span><\/span><\/span>\n<\/p>\n<p><input class=\"wpcf7-form-control wpcf7-submit has-spinner\" type=\"submit\" value=\"Enviar\" \/>\n<\/p><div class=\"wpcf7-response-output\" aria-hidden=\"true\"><\/div>\n<\/form>\n<\/div>\n\n<\/div>\n<\/div>\n","protected":false},"excerpt":{"rendered":"<p>Tarjeta de D\u00e9bitoPYMES Grupo Mutual Tarjeta de D\u00e9bito PYMES Grupo Mutual (*)Aplican restricciones. SOLICIT\u00c1 TU TARJETA DE D\u00c9BITO PYMES AQU\u00cd<\/p>\n","protected":false},"author":1,"featured_media":0,"parent":0,"menu_order":0,"comment_status":"closed","ping_status":"closed","template":"","meta":{"footnotes":""},"class_list":["post-748","page","type-page","status-publish","hentry"],"blocksy_meta":[],"_links":{"self":[{"href":"https:\/\/www.creditogrupomutual.fi.cr\/campaigns\/wp-json\/wp\/v2\/pages\/748","targetHints":{"allow":["GET"]}}],"collection":[{"href":"https:\/\/www.creditogrupomutual.fi.cr\/campaigns\/wp-json\/wp\/v2\/pages"}],"about":[{"href":"https:\/\/www.creditogrupomutual.fi.cr\/campaigns\/wp-json\/wp\/v2\/types\/page"}],"author":[{"embeddable":true,"href":"https:\/\/www.creditogrupomutual.fi.cr\/campaigns\/wp-json\/wp\/v2\/users\/1"}],"replies":[{"embeddable":true,"href":"https:\/\/www.creditogrupomutual.fi.cr\/campaigns\/wp-json\/wp\/v2\/comments?post=748"}],"version-history":[{"count":5,"href":"https:\/\/www.creditogrupomutual.fi.cr\/campaigns\/wp-json\/wp\/v2\/pages\/748\/revisions"}],"predecessor-version":[{"id":835,"href":"https:\/\/www.creditogrupomutual.fi.cr\/campaigns\/wp-json\/wp\/v2\/pages\/748\/revisions\/835"}],"wp:attachment":[{"href":"https:\/\/www.creditogrupomutual.fi.cr\/campaigns\/wp-json\/wp\/v2\/media?parent=748"}],"curies":[{"name":"wp","href":"https:\/\/api.w.org\/{rel}","templated":true}]}}